{"id":16971,"date":"2022-03-14T09:24:30","date_gmt":"2022-03-14T08:24:30","guid":{"rendered":"https:\/\/sp12plock.pl\/?page_id=16971"},"modified":"2026-03-12T13:44:04","modified_gmt":"2026-03-12T12:44:04","slug":"deklaracja-dostepnosci","status":"publish","type":"page","link":"https:\/\/sp12plock.pl\/index.php\/deklaracja-dostepnosci\/","title":{"rendered":"Deklaracja dost\u0119pno\u015bci"},"content":{"rendered":"<h1>DEKLARACJA DOST\u0118PNO\u015aCI<\/h1>\n<p><strong>\u00a0<\/strong><\/p>\n<p>Szko\u0142a Podstawowa nr 12 im. Miry Zimi\u0144skiej &#8211; Sygiety\u0144skiej w P\u0142ocku zobowi\u0105zuje si\u0119 zapewni\u0107 dost\u0119pno\u015b\u0107 swojej strony internetowej zgodnie z przepisami ustawy z dnia 4 kwietnia 2019 r. o dost\u0119pno\u015bci cyfrowej stron internetowych i aplikacji mobilnych podmiot\u00f3w publicznych. O\u015bwiadczenie w sprawie dost\u0119pno\u015bci ma zastosowanie do strony internetowej <a href=\"http:\/\/sp12plock.pl\/\">http:\/\/sp12plock.pl<\/a><\/p>\n<p>&nbsp;<\/p>\n<p><strong>Data publikacji strony internetowej: <\/strong>2006-09-13<\/p>\n<p>&nbsp;<\/p>\n<p><strong>Data ostatniej istotnej aktualizacji: <\/strong>2018-05-09<\/p>\n<p>&nbsp;<\/p>\n<p>Strona internetowa jest cz\u0119\u015bciowo zgodna z ustaw\u0105 z dnia 4 kwietnia 2019 r. o dost\u0119pno\u015bci cyfrowej stron internetowych i aplikacji mobilnych podmiot\u00f3w publicznych z powodu niezgodno\u015bci lub wy\u0142\u0105cze\u0144 wymienionych poni\u017cej:<\/p>\n<ul>\n<li>filmy nie posiadaj\u0105 napis\u00f3w dla os\u00f3b g\u0142uchych<\/li>\n<li>niekt\u00f3re zdj\u0119cia z wydarze\u0144 nie posiadaj\u0105 pe\u0142nych opis\u00f3w alternatywnych<\/li>\n<li>mapy s\u0105 wy\u0142\u0105czone z obowi\u0105zku zapewniania dost\u0119pno\u015bci<\/li>\n<li>dokumenty w PDF nie s\u0105 dokumentami edytowalnymi<\/li>\n<li>cz\u0119\u015b\u0107 plik\u00f3w nie jest dost\u0119pnych cyfrowo<\/li>\n<\/ul>\n<p>&nbsp;<\/p>\n<h1>INFORMACJE DODATKOWE \u2013 STRONA POSIADA:<\/h1>\n<p>Narz\u0119dzie u\u0142atwie\u0144 dost\u0119pu (widoczny obrazek po lewej stronie przy poruszaniu si\u0119 po witrynie) a w nim:<\/p>\n<ul>\n<li>podwy\u017cszony kontrast<\/li>\n<li>mo\u017cliwo\u015b\u0107 powi\u0119kszenia liter<\/li>\n<li>mo\u017cliwo\u015b\u0107 pomniejszenia liter<\/li>\n<li>mapa strony<\/li>\n<li>nawigacja klawiatur\u0105<\/li>\n<li>skala szaro\u015bci<\/li>\n<li>jasne t\u0142o<\/li>\n<li>wy\u0142\u0105czenie animacji na stronie<\/li>\n<\/ul>\n<p>Na stronie internetowej mo\u017cna u\u017cywa\u0107 standardowych skr\u00f3t\u00f3w klawiaturowych przegl\u0105darki.<\/p>\n<p>&nbsp;<\/p>\n<h2>DEKLARACJ\u0118 zaktualizowano dnia 12-03-2026 r.<\/h2>\n<p>Deklaracj\u0119 sporz\u0105dzono na podstawie samooceny przeprowadzonej przez pracownika plac\u00f3wki.<\/p>\n<p>&nbsp;<\/p>\n<h1>KONTAKT I INFORMACJE ZWROTNE<\/h1>\n<p>W przypadku problem\u00f3w z dost\u0119pno\u015bci\u0105 strony internetowej prosimy o kontakt. Osob\u0105 kontaktow\u0105 jest <strong>Beata Mokrska \u2013 <\/strong><a href=\"mailto:wice@sp12plock.pl\"><strong>wice@sp12plock.pl<\/strong>.<\/a> Kontaktowa\u0107 mo\u017cna si\u0119 tak\u017ce dzwoni\u0105c na numer telefonu <strong>24 364 31 90<\/strong>. T\u0105 sam\u0105 drog\u0105 mo\u017cna sk\u0142ada\u0107 wnioski o udost\u0119pnienie informacji niedost\u0119pnej oraz sk\u0142ada\u0107 skargi na brak zapewnienia dost\u0119pno\u015bci.<\/p>\n<p>&nbsp;<\/p>\n<h1>PROCEDURA WNIOSKOWO-SKARGOWA<\/h1>\n<ul>\n<li>Ka\u017cdy ma prawo do wyst\u0105pienia z \u017c\u0105daniem zapewnienia dost\u0119pno\u015bci cyfrowej strony internetowej, aplikacji mobilnej lub jakiego\u015b ich elementu.<\/li>\n<li>\u017b\u0105danie powinno zawiera\u0107 dane osoby zg\u0142aszaj\u0105cej \u017c\u0105danie, wskazanie, o kt\u00f3r\u0105 stron\u0119 internetow\u0105 lub aplikacj\u0119 mobiln\u0105 chodzi oraz spos\u00f3b kontaktu. Je\u017celi osoba \u017c\u0105daj\u0105ca zg\u0142asza potrzeb\u0119 otrzymania informacji za pomoc\u0105 alternatywnego sposobu dost\u0119pu, powinna tak\u017ce okre\u015bli\u0107 dogodny dla niej spos\u00f3b przedstawienia tej informacji. Podmiot publiczny powinien zrealizowa\u0107 \u017c\u0105danie niezw\u0142ocznie, nie p\u00f3\u017aniej ni\u017c w ci\u0105gu 7 dni od dnia wyst\u0105pienia z \u017c\u0105daniem.<\/li>\n<li>Je\u017celi dotrzymanie tego terminu nie jest mo\u017cliwe, podmiot publiczny niezw\u0142ocznie informuje o tym wnosz\u0105cego \u017c\u0105danie, kiedy realizacja \u017c\u0105dania b\u0119dzie mo\u017cliwa, przy czym termin ten nie mo\u017ce by\u0107 d\u0142u\u017cszy ni\u017c 2 miesi\u0105ce od dnia wyst\u0105pienia z \u017c\u0105daniem. Je\u017celi zapewnienie dost\u0119pno\u015bci cyfrowej nie jest mo\u017cliwe, podmiot publiczny mo\u017ce zaproponowa\u0107 alternatywny spos\u00f3b dost\u0119pu do informacji.<\/li>\n<li>W przypadku, gdy podmiot publiczny odm\u00f3wi realizacji \u017c\u0105dania zapewnienia dost\u0119pno\u015bci lub alternatywnego sposobu dost\u0119pu do informacji, wnosz\u0105cy \u017c\u0105danie mo\u017cne z\u0142o\u017cy\u0107 skarg\u0119 w sprawie zapewniana dost\u0119pno\u015bci cyfrowej strony internetowej, aplikacji mobilnej lub elementu strony internetowej, lub aplikacji mobilnej.<\/li>\n<li>Po wyczerpaniu wskazanej wy\u017cej procedury mo\u017cna tak\u017ce z\u0142o\u017cy\u0107 wniosek do Rzecznika Praw Obywatelskich<\/li>\n<\/ul>\n<p><u>https:\/\/<\/u><a href=\"http:\/\/www.rpo.gov.pl\/pl\/content\/kontakt-przyjmujemy-sprawy-do-rpo\">www.rpo.gov.pl\/pl\/content\/kontakt-przyjmujemy-sprawy-do-rpo<\/a><\/p>\n<p>&nbsp;<\/p>\n<h1>DOST\u0118PNO\u015a\u0106 ARCHITEKTONICZNA<\/h1>\n<p><strong>\u00a0<\/strong><\/p>\n<h2>SZKO\u0141A PODSTAWOWA Nr 12 im. Miry Zimi\u0144skiej &#8211; Sygiety\u0144skiej<\/h2>\n<p><strong><em>09-402 P\u0142ock ul. Brzozowa 3<\/em><\/strong><\/p>\n<p><strong><em>tel\/fax 24 364 31 90(91) www: sp12plock.pl<\/em><\/strong><\/p>\n<p><strong><em>e-mail <\/em><\/strong>: <a href=\"mailto:sekretariat@sp12plock.pl\"><strong>sekretariat@sp12plock.pl<\/strong><\/a><\/p>\n<p><strong>\u00a0<\/strong><\/p>\n<h2>1.\u00a0\u00a0\u00a0\u00a0\u00a0\u00a0 Opis dost\u0119pno\u015bci wej\u015bcia do budynku.<\/h2>\n<p>Wej\u015bcie g\u0142\u00f3wne do budynku Szko\u0142y Podstawowej nr 12 im. Miry Zimi\u0144skiej &#8211; Sygiety\u0144skiej \u00a0\u00a0\u00a0\u00a0\u00a0\u00a0\u00a0\u00a0\u00a0\u00a0w P\u0142ocku jest usytuowane od ul. Brzozowej. Wej\u015bcie na podest przy drzwiach g\u0142\u00f3wnych mo\u017cliwe jest za pomoc\u0105 3 stopni, nie ma podjazdu dla w\u00f3zk\u00f3w. Drzwi wej\u015bciowe s\u0105 pojedyncze, otwierane r\u0119cznie, o szeroko\u015bci ponad 90 cm z progiem o wysoko\u015bci 2 cm.<\/p>\n<p>Wej\u015bcie do szko\u0142y dla os\u00f3b niepe\u0142nosprawnych mo\u017cliwe jest od strony boiska.<\/p>\n<h2>2.\u00a0\u00a0\u00a0\u00a0\u00a0\u00a0 Opis dost\u0119pno\u015bci korytarzy, schod\u00f3w i wind.<\/h2>\n<p>Budynek jest dwukondygnacyjny \u2013 nie ma wind, kt\u00f3re umo\u017cliwia\u0142yby osobom niepe\u0142nosprawnym przedostanie si\u0119 na pi\u0119tro.<\/p>\n<p>Sekretariat zlokalizowany jest na parterze, po lewej stronie od wej\u015bcia g\u0142\u00f3wnego. Wej\u015bcie do sekretariatu szko\u0142y ma szeroko\u015b\u0107 90 cm.<\/p>\n<p>W budynku szko\u0142y jest dy\u017curka, w kt\u00f3rej znajduje si\u0119 pracownik mog\u0105cy udzieli\u0107 pomocy lub informacji. Dy\u017curka po\u0142o\u017cona jest w korytarzu po prawej stronie od wej\u015bcia g\u0142\u00f3wnego.<\/p>\n<p>Dla os\u00f3b niepe\u0142nosprawnych na w\u00f3zkach inwalidzkich, dost\u0119pny jest wy\u0142\u0105cznie korytarz i pomieszczenia na parterze. Wej\u015bcia do sal lekcyjnych maj\u0105 szeroko\u015b\u0107 90 cm. Wszystkie klamki umieszczone na wysoko\u015bci 110 cm.<\/p>\n<p>&nbsp;<\/p>\n<p>Do biblioteki, \u015bwietlicy i sto\u0142\u00f3wki prowadzi korytarz oraz schody: I ci\u0105g 5 stopni, II \u2013 6 stopni. Ta cz\u0119\u015b\u0107 korytarza nie jest przystosowana dla os\u00f3b niepe\u0142nosprawnych.<\/p>\n<p>W budynku nie ma zainstalowanych wind ani podno\u015bnik\u00f3w.<\/p>\n<p>Korytarze p\u0142askie o szeroko\u015bci minimum 180 cm umo\u017cliwiaj\u0105 swobodne mini\u0119cie si\u0119 osoby pe\u0142nosprawnej z osob\u0105 poruszaj\u0105c\u0105 si\u0119 na w\u00f3zku inwalidzkim.<\/p>\n<p>Stopnie schod\u00f3w prowadz\u0105cych na I pi\u0119tro budynku nie posiadaj\u0105 wystaj\u0105cych kraw\u0119dzi, ani oznacze\u0144 dla os\u00f3b z dysfunkcj\u0105 wzroku.<\/p>\n<p>Por\u0119cze przy schodach prowadz\u0105cych na pi\u0119tro budynku s\u0105 jednostronne, umieszczone na wysoko\u015bci 110 cm.<\/p>\n<p>Toalety nie s\u0105 przystosowane dla os\u00f3b z niepe\u0142nosprawno\u015bciami.<\/p>\n<p>W budynku szko\u0142y nie ma zamontowanych platform, informacji g\u0142osowych, p\u0119tli indukcyjnych.<\/p>\n<h2>3.\u00a0\u00a0\u00a0\u00a0\u00a0\u00a0 Informacje o miejscu i sposobie korzystania z miejsc parkingowych wyznaczonych dla os\u00f3b niepe\u0142nosprawnych.<\/h2>\n<p>Przy ul. Brzozowej jest ma\u0142y parking oraz zatoka umo\u017cliwiaj\u0105ca zatrzymanie samochodu dla os\u00f3b przywo\u017c\u0105cych uczni\u00f3w do szko\u0142y.<\/p>\n<p>Na terenie plac\u00f3wki jest niewielki parking bez wyznaczonego miejsca postojowego dla os\u00f3b niepe\u0142nosprawnych.<\/p>\n<h2>4.\u00a0\u00a0\u00a0\u00a0\u00a0\u00a0 Informacja o prawie wst\u0119pu z psem asystuj\u0105cym i ewentualnych uzasadnionych ograniczeniach.<\/h2>\n<p>Dyrektor jednostki wyra\u017ca zgod\u0119 na wst\u0119p z psem asystuj\u0105cym. Ze wzgl\u0119du na bezpiecze\u0144stwo uczni\u00f3w wymagamy poinformowania pracownika szko\u0142y o takiej potrzebie.<\/p>\n<h2>5.\u00a0\u00a0\u00a0\u00a0\u00a0\u00a0 Informacja o mo\u017cliwo\u015bci skorzystania z t\u0142umacza j\u0119zyka migowego.<\/h2>\n<p>Na terenie SP nr 12 w P\u0142ocku nie ma mo\u017cliwo\u015bci skorzystania z pomocy t\u0142umacza j\u0119zyka migowego.<\/p>\n<p><a href=\"https:\/\/sp12plock.pl\/wp-content\/uploads\/2025\/03\/Deklaracja-dostepnosci-Sp12-Plock-2025.pdf\">Deklaracja dost\u0119pno\u015bci 2025<\/a><\/p>\n","protected":false},"excerpt":{"rendered":"<p>DEKLARACJA DOST\u0118PNO\u015aCI \u00a0 Szko\u0142a Podstawowa nr 12 im. Miry Zimi\u0144skiej &#8211; Sygiety\u0144skiej w P\u0142ocku zobowi\u0105zuje si\u0119 zapewni\u0107 dost\u0119pno\u015b\u0107 swojej strony internetowej zgodnie z przepisami ustawy z dnia 4 kwietnia 2019 r. o dost\u0119pno\u015bci cyfrowej stron internetowych i aplikacji mobilnych podmiot\u00f3w publicznych. O\u015bwiadczenie w sprawie dost\u0119pno\u015bci ma zastosowanie do strony internetowej http:\/\/sp12plock.pl &nbsp; Data publikacji strony [&#8230;.] <a href=\"https:\/\/sp12plock.pl\/index.php\/deklaracja-dostepnosci\/\" class=\"read-more\">Czytaj wi\u0119cej&#8230;<\/a><\/p>\n","protected":false},"author":8,"featured_media":0,"parent":0,"menu_order":0,"comment_status":"closed","ping_status":"closed","template":"","meta":{"footnotes":""},"class_list":["post-16971","page","type-page","status-publish","hentry"],"_links":{"self":[{"href":"https:\/\/sp12plock.pl\/index.php\/wp-json\/wp\/v2\/pages\/16971","targetHints":{"allow":["GET"]}}],"collection":[{"href":"https:\/\/sp12plock.pl\/index.php\/wp-json\/wp\/v2\/pages"}],"about":[{"href":"https:\/\/sp12plock.pl\/index.php\/wp-json\/wp\/v2\/types\/page"}],"author":[{"embeddable":true,"href":"https:\/\/sp12plock.pl\/index.php\/wp-json\/wp\/v2\/users\/8"}],"replies":[{"embeddable":true,"href":"https:\/\/sp12plock.pl\/index.php\/wp-json\/wp\/v2\/comments?post=16971"}],"version-history":[{"count":15,"href":"https:\/\/sp12plock.pl\/index.php\/wp-json\/wp\/v2\/pages\/16971\/revisions"}],"predecessor-version":[{"id":30968,"href":"https:\/\/sp12plock.pl\/index.php\/wp-json\/wp\/v2\/pages\/16971\/revisions\/30968"}],"wp:attachment":[{"href":"https:\/\/sp12plock.pl\/index.php\/wp-json\/wp\/v2\/media?parent=16971"}],"curies":[{"name":"wp","href":"https:\/\/api.w.org\/{rel}","templated":true}]}}