{"id":29376,"date":"2025-08-05T12:32:09","date_gmt":"2025-08-05T10:32:09","guid":{"rendered":"https:\/\/sp12plock.pl\/?page_id=29376"},"modified":"2025-08-05T12:38:14","modified_gmt":"2025-08-05T10:38:14","slug":"pomocy-psychologiczna-i-psychiatryczna-dedykowana-dzieciom-i-mlodziezy","status":"publish","type":"page","link":"https:\/\/sp12plock.pl\/index.php\/pomocy-psychologiczna-i-psychiatryczna-dedykowana-dzieciom-i-mlodziezy\/","title":{"rendered":"Pomoc psychologiczna i psychiatryczna dedykowana dzieciom i m\u0142odzie\u017cy"},"content":{"rendered":"<p>Miejsca udzielaj\u0105ce w P\u0142ocku bezp\u0142atnej pomocy psychologicznej, psychiatrycznej dla dzieci i m\u0142odzie\u017cy<br \/>\noraz z zakresu interwencji kryzysowej<\/p>\n<p>Leczenie psychiatryczne dla dzieci i m\u0142odzie\u017cy:<\/p>\n<p>1. NIEPUBLICZNY ZAK\u0141AD OPIEKI ZDROWOTNEJ &#8222;SABA-MED&#8221; W P\u0141OCKU<br \/>\nPORADNIA ZDROWIA PSYCHICZNEGO DLA DZIECI I M\u0141ODZIE\u017bY<br \/>\nul. KOBYLI\u0143SKIEGO 14, 09-400 P\u0142ock<br \/>\nTelefon do rejestracji: 786-691-589<br \/>\nTelefon do informacji: 786-691-589<\/p>\n<p><a href=\"http:\/\/www.saba-med.pl\">www.saba-med.pl<\/a><\/p>\n<p>\u015awiadczenia psychologiczne:<\/p>\n<p>1. P\u0141OCKI ZAK\u0141AD OPIEKI ZDROWOTNEJ SP\u00d3\u0141KA Z OGRANICZON\u0104 ODPOWIEDZIALNO\u015aCI\u0104<br \/>\nPORADNIA PSYCHOLOGICZNA DLA DZIECI I M\u0141ODZIE\u017bY<br \/>\nul. MIKO\u0141AJA REJA 15\/3, 09-402 P\u0142ock<br \/>\nTelefon do rejestracji: 532 403 556<br \/>\nTelefon do informacji: 532 403 556<\/p>\n<p><a href=\"http:\/\/www.szpitalplock.pl\">www.szpitalplock.pl<\/a><\/p>\n<p>2. VIDE SP.Z O.O.<br \/>\nPORADNIA PSYCHOLOGICZNA DLA DZIECI DWORCOWA<br \/>\nul. DWORCOWA 14, 09-400 P\u0142ock<br \/>\nTelefon do rejestracji: +48 797 320 576<br \/>\nTelefon do informacji: +48 24 364 22 22<\/p>\n<p><a href=\"http:\/\/WWW.VIDE-TERAPIA.PL\/PL\">WWW.VIDE-TERAPIA.PL\/PL<\/a><\/p>\n<p>O\u015brodek Interwencji Kryzysowej<br \/>\nsiedziba O\u015brodka Interwencji Kryzysowej: MOPS w P\u0142ocku przy ul. Zgliczy\u0144skiego\u00a04<br \/>\ntelefon: 24\/364\u00a002\u00a048<br \/>\ne-mail: oik@mopsplock.eu<br \/>\nPomoc udzielana jest w formie:<br \/>\n\u2022 porad i konsultacji: psychologicznych, rodzinnych<br \/>\n\u2022 interwencji w miejscu zamieszkania<br \/>\n\u2022 wsparcia emocjonalnego<br \/>\n\u2022 konsultacji terapeutycznych<\/p>\n<p>Specjali\u015bci O\u015brodka Interwencji Kryzysowej:<br \/>\n\u2022 psycholodzy<br \/>\n\u2022 pedagodzy<br \/>\n\u2022 specjalista psychoterapii uzale\u017cnie\u0144<br \/>\n\u2022 mediator rodzinny<br \/>\n\u2022 specjalista pracy socjalnej<\/p>\n<p>Telefon informacyjno &#8211; wspieraj\u0105cy<br \/>\nTelefon informacyjno \u2013 wspieraj\u0105cy dla os\u00f3b do\u015bwiadczaj\u0105cych przemocy w rodzinie oraz \u015bwiadk\u00f3w przemocy: 660\u00a0434\u00a0220<br \/>\nTelefon czynny jest codziennie w godzinach od 9.00 do 21.00<br \/>\nKomunikowanie si\u0119 za po\u015brednictwem SMS: 24\/h<\/p>\n<p>Bezp\u0142atna pomoc z zakresu profilaktyki uzale\u017cnie\u0144, rozwi\u0105zywania problem\u00f3w alkoholowych, przeciwdzia\u0142ania narkomanii oraz przemocy domowej:<\/p>\n<p>link:<br \/>\n<a href=\"https:\/\/nowy.plock.eu\/core\/uploads\/2025\/05\/Bezplatna_pomoc_2025b.pdf\">https:\/\/nowy.plock.eu\/core\/uploads\/2025\/05\/Bezplatna_pomoc_2025b.pdf<\/a><\/p>\n","protected":false},"excerpt":{"rendered":"<p>Miejsca udzielaj\u0105ce w P\u0142ocku bezp\u0142atnej pomocy psychologicznej, psychiatrycznej dla dzieci i m\u0142odzie\u017cy oraz z zakresu interwencji kryzysowej Leczenie psychiatryczne dla dzieci i m\u0142odzie\u017cy: 1. NIEPUBLICZNY ZAK\u0141AD OPIEKI ZDROWOTNEJ &#8222;SABA-MED&#8221; W P\u0141OCKU PORADNIA ZDROWIA PSYCHICZNEGO DLA DZIECI I M\u0141ODZIE\u017bY ul. KOBYLI\u0143SKIEGO 14, 09-400 P\u0142ock Telefon do rejestracji: 786-691-589 Telefon do informacji: 786-691-589 www.saba-med.pl \u015awiadczenia psychologiczne: 1. [&#8230;.] <a href=\"https:\/\/sp12plock.pl\/index.php\/pomocy-psychologiczna-i-psychiatryczna-dedykowana-dzieciom-i-mlodziezy\/\" class=\"read-more\">Czytaj wi\u0119cej&#8230;<\/a><\/p>\n","protected":false},"author":1,"featured_media":0,"parent":0,"menu_order":0,"comment_status":"closed","ping_status":"closed","template":"","meta":{"footnotes":""},"class_list":["post-29376","page","type-page","status-publish","hentry"],"_links":{"self":[{"href":"https:\/\/sp12plock.pl\/index.php\/wp-json\/wp\/v2\/pages\/29376","targetHints":{"allow":["GET"]}}],"collection":[{"href":"https:\/\/sp12plock.pl\/index.php\/wp-json\/wp\/v2\/pages"}],"about":[{"href":"https:\/\/sp12plock.pl\/index.php\/wp-json\/wp\/v2\/types\/page"}],"author":[{"embeddable":true,"href":"https:\/\/sp12plock.pl\/index.php\/wp-json\/wp\/v2\/users\/1"}],"replies":[{"embeddable":true,"href":"https:\/\/sp12plock.pl\/index.php\/wp-json\/wp\/v2\/comments?post=29376"}],"version-history":[{"count":4,"href":"https:\/\/sp12plock.pl\/index.php\/wp-json\/wp\/v2\/pages\/29376\/revisions"}],"predecessor-version":[{"id":29388,"href":"https:\/\/sp12plock.pl\/index.php\/wp-json\/wp\/v2\/pages\/29376\/revisions\/29388"}],"wp:attachment":[{"href":"https:\/\/sp12plock.pl\/index.php\/wp-json\/wp\/v2\/media?parent=29376"}],"curies":[{"name":"wp","href":"https:\/\/api.w.org\/{rel}","templated":true}]}}