{"id":38,"date":"2018-05-10T07:36:42","date_gmt":"2018-05-10T07:36:42","guid":{"rendered":"http:\/\/sp12plock.pl\/?page_id=38"},"modified":"2025-08-27T12:20:53","modified_gmt":"2025-08-27T10:20:53","slug":"dokumenty","status":"publish","type":"page","link":"https:\/\/sp12plock.pl\/index.php\/dokumenty\/","title":{"rendered":"Dokumenty"},"content":{"rendered":"<h3 style=\"text-align: center;\"><a href=\"https:\/\/sp12plock.pl\/wp-content\/uploads\/2025\/08\/statut.pdf\" target=\"_blank\" rel=\"noopener\">Statut<\/a><\/h3>\n<h3 style=\"text-align: center;\"><a href=\"http:\/\/sp12plock.pl\/index.php\/koncepcja-pracy-szkoly\/\">Koncepcja pracy szko\u0142y<\/a><\/h3>\n<h3 style=\"text-align: center;\"><a href=\"http:\/\/sp12plock.pl\/index.php\/program-wychowawczo-profilaktyczny\/\">Program wychowawczo-profilaktyczny<\/a><\/h3>\n<h3 style=\"text-align: center;\"><a href=\"http:\/\/sp12plock.pl\/wp-content\/uploads\/2019\/03\/Za\u0142\u0105cznik-nr-1-do-PWP.pdf\" target=\"_blank\" rel=\"noopener\"><strong>Wyszczeg\u00f3lnienie dzia\u0142a\u0144 maj\u0105cych na celu zapobieganie mowie nienawi\u015bci, zjawisku hejtu i cyberprzemocy<\/strong><\/a><\/h3>\n<h3 style=\"text-align: center;\"><\/h3>\n","protected":false},"excerpt":{"rendered":"<p>Statut Koncepcja pracy szko\u0142y Program wychowawczo-profilaktyczny Wyszczeg\u00f3lnienie dzia\u0142a\u0144 maj\u0105cych na celu zapobieganie mowie nienawi\u015bci, zjawisku hejtu i cyberprzemocy<\/p>\n","protected":false},"author":1,"featured_media":0,"parent":0,"menu_order":0,"comment_status":"closed","ping_status":"closed","template":"","meta":{"footnotes":""},"class_list":["post-38","page","type-page","status-publish","hentry"],"_links":{"self":[{"href":"https:\/\/sp12plock.pl\/index.php\/wp-json\/wp\/v2\/pages\/38","targetHints":{"allow":["GET"]}}],"collection":[{"href":"https:\/\/sp12plock.pl\/index.php\/wp-json\/wp\/v2\/pages"}],"about":[{"href":"https:\/\/sp12plock.pl\/index.php\/wp-json\/wp\/v2\/types\/page"}],"author":[{"embeddable":true,"href":"https:\/\/sp12plock.pl\/index.php\/wp-json\/wp\/v2\/users\/1"}],"replies":[{"embeddable":true,"href":"https:\/\/sp12plock.pl\/index.php\/wp-json\/wp\/v2\/comments?post=38"}],"version-history":[{"count":12,"href":"https:\/\/sp12plock.pl\/index.php\/wp-json\/wp\/v2\/pages\/38\/revisions"}],"predecessor-version":[{"id":29459,"href":"https:\/\/sp12plock.pl\/index.php\/wp-json\/wp\/v2\/pages\/38\/revisions\/29459"}],"wp:attachment":[{"href":"https:\/\/sp12plock.pl\/index.php\/wp-json\/wp\/v2\/media?parent=38"}],"curies":[{"name":"wp","href":"https:\/\/api.w.org\/{rel}","templated":true}]}}