{"id":9411,"date":"2019-10-04T09:33:02","date_gmt":"2019-10-04T07:33:02","guid":{"rendered":"http:\/\/sp12plock.pl\/?page_id=9411"},"modified":"2025-09-12T07:47:30","modified_gmt":"2025-09-12T05:47:30","slug":"konkursy-przedmiotowe-mko","status":"publish","type":"page","link":"https:\/\/sp12plock.pl\/index.php\/konkursy-przedmiotowe-mko\/","title":{"rendered":"KONKURSY PRZEDMIOTOWE MKO"},"content":{"rendered":"<div class=\"head\">\n<h2 style=\"text-align: center;\">REGULAMIN KONKURS\u00d3W PRZEDMIOTOWYCH DLA UCZNI\u00d3W KLAS IV &#8211; VIII SZK\u00d3\u0141 PODSTAWOWYCH WOJEW\u00d3DZTWA MAZOWIECKIEGO W ROKU SZKOLNYM 2025\/2026<\/h2>\n<h3><\/h3>\n<\/div>\n<div class=\"zalaczniki\">\n<div class=\"naglowek\">\n<h3>Pliki do pobrania<\/h3>\n<\/div>\n<ul>\n<li><a href=\"https:\/\/konkursy.kuratorium.waw.pl\/download\/4\/24809\/zalacznikdozarzadzeniaMKORegulaminkonkursowprzedmiotowych202526.pdf\">Regulamin konkurs\u00f3w przedmiotowych 2025_26<\/a><\/li>\n<li><a href=\"https:\/\/konkursy.kuratorium.waw.pl\/download\/4\/24804\/zal11-Harmonogram-etapszkolny.pdf\">za\u0142. 1.1 &#8211; Harmonogram &#8211; etap szkolny<\/a><\/li>\n<li><a href=\"https:\/\/konkursy.kuratorium.waw.pl\/download\/4\/24803\/zal12-Harmonogram-etaprejonowy.pdf\">za\u0142. 1.2 &#8211; Harmonogram &#8211; etap rejonowy<\/a><\/li>\n<li><a href=\"https:\/\/konkursy.kuratorium.waw.pl\/download\/4\/24802\/zal13-Harmonogram-etapwojewodzki.pdf\">za\u0142. 1.3 &#8211; Harmonogram &#8211; etap wojew\u00f3dzki<\/a><\/li>\n<li><a href=\"https:\/\/konkursy.kuratorium.waw.pl\/download\/4\/24808\/zalnr2-Oswiadczenierodzicowlubopiekunowprawnych.docx\">za\u0142. nr 2 &#8211; O\u015bwiadczenie rodzic\u00f3w lub opiekun\u00f3w prawnych<\/a><\/li>\n<li><a href=\"https:\/\/konkursy.kuratorium.waw.pl\/download\/4\/24807\/zalnr6-Wniosekodostosowanie.docx\">za\u0142. nr 6 &#8211; Wniosek o dostosowanie<\/a><\/li>\n<li><a href=\"https:\/\/konkursy.kuratorium.waw.pl\/download\/4\/24806\/zalnr7-Formularzodostosowanieoddyrektora.docx\">za\u0142. nr 7 &#8211; Formularz o dostosowanie od dyrektora<\/a>\n<div class=\"head\">\n<h2 style=\"text-align: center;\">Programy merytoryczne<\/h2>\n<p>W za\u0142\u0105czeniu programy merytoryczne.<\/p>\n<\/div>\n<div class=\"zalaczniki\">\n<div class=\"naglowek\">\n<h3>Pliki do pobrania<\/h3>\n<\/div>\n<ul>\n<li><a href=\"https:\/\/konkursy.kuratorium.waw.pl\/download\/4\/24822\/ProgrammerytorycznyBIOLOGIA202526.pdf\">Program merytoryczny BIOLOGIA 2025_26<\/a><\/li>\n<li><a href=\"https:\/\/konkursy.kuratorium.waw.pl\/download\/4\/24811\/ProgrammerytorycznyCHEMIA202526.pdf\">Program merytoryczny CHEMIA 2025_26<\/a><\/li>\n<li><a href=\"https:\/\/konkursy.kuratorium.waw.pl\/download\/4\/24812\/ProgrammerytorycznyFIZYKA202526.pdf\">Program merytoryczny FIZYKA 2025_26<\/a><\/li>\n<li><a href=\"https:\/\/konkursy.kuratorium.waw.pl\/download\/4\/24813\/ProgrammerytorycznyGEOGRAFIA202526.pdf\">Program merytoryczny GEOGRAFIA 2025_26<\/a><\/li>\n<li><a href=\"https:\/\/konkursy.kuratorium.waw.pl\/download\/4\/24814\/ProgrammerytorycznyHISTORIA202526.pdf\">Program merytoryczny HISTORIA 2025_26<\/a><\/li>\n<li><a href=\"https:\/\/konkursy.kuratorium.waw.pl\/download\/4\/24815\/ProgrammerytorycznyJANGIELSKI202526.pdf\">Program merytoryczny J. ANGIELSKI 2025 26<\/a><\/li>\n<li><a href=\"https:\/\/konkursy.kuratorium.waw.pl\/download\/4\/24816\/ProgrammerytorycznyJFRANCUSKI202526.pdf\">Program merytoryczny J. FRANCUSKI 2025 26<\/a><\/li>\n<li><a href=\"https:\/\/konkursy.kuratorium.waw.pl\/download\/4\/24817\/ProgrammerytorycznyJHISZPANSKI202526.pdf\">Program merytoryczny J. HISZPA\u0143SKI 2025_26<\/a><\/li>\n<li><a href=\"https:\/\/konkursy.kuratorium.waw.pl\/download\/4\/24818\/ProgrammerytorycznyJNIEMIECKI202526.pdf\">Program merytoryczny J. NIEMIECKI 2025_26<\/a><\/li>\n<li><a href=\"https:\/\/konkursy.kuratorium.waw.pl\/download\/4\/24819\/ProgrammerytorycznyJPOLSKI202526.pdf\">Program merytoryczny J. POLSKI 2025_26<\/a><\/li>\n<li><a href=\"https:\/\/konkursy.kuratorium.waw.pl\/download\/4\/24821\/ProgrammerytorycznyMATEMATYKA202526.pdf\">Program merytoryczny MATEMATYKA 2025_26<\/a><\/li>\n<li><a href=\"https:\/\/konkursy.kuratorium.waw.pl\/download\/4\/24820\/ProgrammerytorycznyLOGIA26.pdf\">Program merytoryczny LOGIA26<\/a>\n<div><\/div>\n<\/li>\n<\/ul>\n<\/div>\n<div><\/div>\n<\/li>\n<\/ul>\n<\/div>\n","protected":false},"excerpt":{"rendered":"<p>REGULAMIN KONKURS\u00d3W PRZEDMIOTOWYCH DLA UCZNI\u00d3W KLAS IV &#8211; VIII SZK\u00d3\u0141 PODSTAWOWYCH WOJEW\u00d3DZTWA MAZOWIECKIEGO W ROKU SZKOLNYM 2025\/2026 Pliki do pobrania Regulamin konkurs\u00f3w przedmiotowych 2025_26 za\u0142. 1.1 &#8211; Harmonogram &#8211; etap szkolny za\u0142. 1.2 &#8211; Harmonogram &#8211; etap rejonowy za\u0142. 1.3 &#8211; Harmonogram &#8211; etap wojew\u00f3dzki za\u0142. nr 2 &#8211; O\u015bwiadczenie rodzic\u00f3w lub opiekun\u00f3w prawnych za\u0142. [&#8230;.] <a href=\"https:\/\/sp12plock.pl\/index.php\/konkursy-przedmiotowe-mko\/\" class=\"read-more\">Czytaj wi\u0119cej&#8230;<\/a><\/p>\n","protected":false},"author":5,"featured_media":0,"parent":0,"menu_order":0,"comment_status":"closed","ping_status":"closed","template":"","meta":{"footnotes":""},"class_list":["post-9411","page","type-page","status-publish","hentry"],"_links":{"self":[{"href":"https:\/\/sp12plock.pl\/index.php\/wp-json\/wp\/v2\/pages\/9411","targetHints":{"allow":["GET"]}}],"collection":[{"href":"https:\/\/sp12plock.pl\/index.php\/wp-json\/wp\/v2\/pages"}],"about":[{"href":"https:\/\/sp12plock.pl\/index.php\/wp-json\/wp\/v2\/types\/page"}],"author":[{"embeddable":true,"href":"https:\/\/sp12plock.pl\/index.php\/wp-json\/wp\/v2\/users\/5"}],"replies":[{"embeddable":true,"href":"https:\/\/sp12plock.pl\/index.php\/wp-json\/wp\/v2\/comments?post=9411"}],"version-history":[{"count":26,"href":"https:\/\/sp12plock.pl\/index.php\/wp-json\/wp\/v2\/pages\/9411\/revisions"}],"predecessor-version":[{"id":29531,"href":"https:\/\/sp12plock.pl\/index.php\/wp-json\/wp\/v2\/pages\/9411\/revisions\/29531"}],"wp:attachment":[{"href":"https:\/\/sp12plock.pl\/index.php\/wp-json\/wp\/v2\/media?parent=9411"}],"curies":[{"name":"wp","href":"https:\/\/api.w.org\/{rel}","templated":true}]}}